{"id":8755,"date":"2016-12-03T09:13:11","date_gmt":"2016-12-03T07:13:11","guid":{"rendered":"https:\/\/nextpicture.cz\/theater\/sereia\/"},"modified":"2019-02-20T01:17:55","modified_gmt":"2019-02-19T23:17:55","slug":"sereia","status":"publish","type":"theater","link":"https:\/\/nextpicture.cz\/pt-pt\/theater\/sereia\/","title":{"rendered":"A Pequena Sereia"},"content":{"rendered":"<p>O SESC da Gl\u00f3ria, em Vit\u00f3ria, capital do estado brasileiro Esp\u00edrito Santo, em coopera\u00e7\u00e3o com a Embaixada da Rep\u00fablica Tcheca no Brasil, manteve a localiza\u00e7\u00e3o do diretor Peter Serge Butko, que visou criar performances com estudantes de gradua\u00e7\u00e3o em teatro. Esse projeto foi baseado na experi\u00eancia pedag\u00f3gica do diretor e trouxe os estudantes a forma de atuar europeia atrav\u00e9s do desenvolvimento e produ\u00e7\u00e3o de performances.<\/p>\n<hr \/>\n<p>O diretor escolheu o conto de fada de H. C. Andersen &#8211; A Pequena Sereia. Uma das raz\u00f5es \u00e9 o lindo rio que corre pelo cidade vindo do oceano, mas acima de todos os fatos que o conto de Andersen \u00e9 conhecido no Brasil, exclusivamente pelo trabalho da Disney. No in\u00edcio, contudo, Butko introduziu aos atores o trabalho original de Andersen e, juntos, eles abriram os tons escuros nesse conto de fadas, que eles adaptaram juntos para performances adultas. Um drama profundo da fam\u00edlia surgiu, confrontado com a teimosa e descompromissada decis\u00e3o de sua filha jovem e irracional.<\/p>\n<hr \/>\n<p>Os elementos de express\u00e3o b\u00e1sica foram a \u00eanfase na precis\u00e3o natural e o rigor da interfer\u00eancia de atuar em contraste com a estiliza\u00e7\u00e3o do movimento impercept\u00edvel. Durante o processo de trabalho, o resultado parece ser t\u00e3o interessante que o diretor decidiu vestir os atores com roupas normais, boa maquiagem de fantasia e decente, sofisticado design de luz no palco. Isso junto com o espa\u00e7o vazio e claro do palco permitiu uma apresenta\u00e7\u00e3o mais n\u00edtida das a\u00e7\u00f5es dos atores e boas nuances psicol\u00f3gicas na atua\u00e7\u00e3o individual e coletiva num total de 30 atores.<\/p>\n<hr \/>\n<p>A performance aconteceu no Teatro V. Tamanini em Vit\u00f3ria.<\/p>\n","protected":false},"featured_media":6765,"template":"","class_list":["post-8755","theater","type-theater","status-publish","has-post-thumbnail","hentry"],"acf":[],"_links":{"self":[{"href":"https:\/\/nextpicture.cz\/pt-pt\/wp-json\/wp\/v2\/theater\/8755"}],"collection":[{"href":"https:\/\/nextpicture.cz\/pt-pt\/wp-json\/wp\/v2\/theater"}],"about":[{"href":"https:\/\/nextpicture.cz\/pt-pt\/wp-json\/wp\/v2\/types\/theater"}],"wp:featuredmedia":[{"embeddable":true,"href":"https:\/\/nextpicture.cz\/pt-pt\/wp-json\/wp\/v2\/media\/6765"}],"wp:attachment":[{"href":"https:\/\/nextpicture.cz\/pt-pt\/wp-json\/wp\/v2\/media?parent=8755"}],"curies":[{"name":"wp","href":"https:\/\/api.w.org\/{rel}","templated":true}]}}

<p>O SESC da Glória, em Vitória, capital do estado brasileiro Espírito Santo, em cooperação com a Embaixada da República Tcheca no Brasil, manteve a localização do diretor Peter Serge Butko, que visou criar performances com estudantes de graduação em teatro. Esse projeto foi baseado na experiência pedagógica do diretor e trouxe os estudantes a forma de atuar europeia através do desenvolvimento e produção de performances.</p>
<hr />
<p>O diretor escolheu o conto de fada de H. C. Andersen &#8211; A Pequena Sereia. Uma das razões é o lindo rio que corre pelo cidade vindo do oceano, mas acima de todos os fatos que o conto de Andersen é conhecido no Brasil, exclusivamente pelo trabalho da Disney. No início, contudo, Butko introduziu aos atores o trabalho original de Andersen e, juntos, eles abriram os tons escuros nesse conto de fadas, que eles adaptaram juntos para performances adultas. Um drama profundo da família surgiu, confrontado com a teimosa e descompromissada decisão de sua filha jovem e irracional.</p>
<hr />
<p>Os elementos de expressão básica foram a ênfase na precisão natural e o rigor da interferência de atuar em contraste com a estilização do movimento imperceptível. Durante o processo de trabalho, o resultado parece ser tão interessante que o diretor decidiu vestir os atores com roupas normais, boa maquiagem de fantasia e decente, sofisticado design de luz no palco. Isso junto com o espaço vazio e claro do palco permitiu uma apresentação mais nítida das ações dos atores e boas nuances psicológicas na atuação individual e coletiva num total de 30 atores.</p>
<hr />
<p>A performance aconteceu no Teatro V. Tamanini em Vitória.</p>
