{"id":18813,"date":"2022-02-25T18:41:52","date_gmt":"2022-02-25T16:41:52","guid":{"rendered":"https:\/\/nextpicture.cz\/project\/tlukot-indianskeho-srdce\/"},"modified":"2022-02-25T23:37:09","modified_gmt":"2022-02-25T21:37:09","slug":"coracao","status":"publish","type":"project","link":"https:\/\/nextpicture.cz\/pt-pt\/project\/coracao\/","title":{"rendered":"O SOM DO CORA\u00c7\u00c3O DOS IND\u00cdGENAS"},"content":{"rendered":"<p>O projeto comunit\u00e1rio multig\u00eanero foi implantado na periferia de Vit\u00f3ria, no estado brasileiro do Esp\u00edrito Santo, nos anos de 2021-2022. A inspira\u00e7\u00e3o foi o congo &#8211; um instrumento tradicional que \u00e9 muito popular nesta \u00e1rea e tamb\u00e9m hist\u00f3rias brasileiras, especialmente o destino dos habitantes originais do Brasil.<\/p>\n<hr \/>\n<p>O projeto envolveu artistas, m\u00fasicos, dan\u00e7arinos, atores e grafiteiros, profissionais jovens de localidades exclu\u00eddas \u2013 favela. A pandemia parou o projeto, mas no futuro deve ser relan\u00e7ado nos parques da regi\u00e3o e nas favelas.<\/p>\n<hr \/>\n<p>O v\u00eddeo fornece uma grava\u00e7\u00e3o abreviada do projeto. Durante o trabalho do projeto, foi criado um curta-document\u00e1rio Filhos da Favela para o programa Queer da Televis\u00e3o Tcheca, que tamb\u00e9m foi selecionado para o prestigiado Festival de Cinema Brasileiro. O autor do conceito e diretor do projeto \u00e9 Peter Serge Butko.<\/p>\n<hr \/>\n<p>O projeto contou com o apoio da Prefeitura de Vila Velha, da Lei Aldir Blanc e do Centro Cultural Tambor de Congo.<\/p>\n","protected":false},"featured_media":19041,"template":"","class_list":["post-18813","project","type-project","status-publish","has-post-thumbnail","hentry"],"acf":[],"_links":{"self":[{"href":"https:\/\/nextpicture.cz\/pt-pt\/wp-json\/wp\/v2\/project\/18813"}],"collection":[{"href":"https:\/\/nextpicture.cz\/pt-pt\/wp-json\/wp\/v2\/project"}],"about":[{"href":"https:\/\/nextpicture.cz\/pt-pt\/wp-json\/wp\/v2\/types\/project"}],"wp:featuredmedia":[{"embeddable":true,"href":"https:\/\/nextpicture.cz\/pt-pt\/wp-json\/wp\/v2\/media\/19041"}],"wp:attachment":[{"href":"https:\/\/nextpicture.cz\/pt-pt\/wp-json\/wp\/v2\/media?parent=18813"}],"curies":[{"name":"wp","href":"https:\/\/api.w.org\/{rel}","templated":true}]}}

O SOM DO CORAÇÃO DOS INDÍGENAS

<p>O projeto comunitário multigênero foi implantado na periferia de Vitória, no estado brasileiro do Espírito Santo, nos anos de 2021-2022. A inspiração foi o congo &#8211; um instrumento tradicional que é muito popular nesta área e também histórias brasileiras, especialmente o destino dos habitantes originais do Brasil.</p>
<hr />
<p>O projeto envolveu artistas, músicos, dançarinos, atores e grafiteiros, profissionais jovens de localidades excluídas – favela. A pandemia parou o projeto, mas no futuro deve ser relançado nos parques da região e nas favelas.</p>
<hr />
<p>O vídeo fornece uma gravação abreviada do projeto. Durante o trabalho do projeto, foi criado um curta-documentário Filhos da Favela para o programa Queer da Televisão Tcheca, que também foi selecionado para o prestigiado Festival de Cinema Brasileiro. O autor do conceito e diretor do projeto é Peter Serge Butko.</p>
<hr />
<p>O projeto contou com o apoio da Prefeitura de Vila Velha, da Lei Aldir Blanc e do Centro Cultural Tambor de Congo.</p>
